{"id":2297,"date":"2025-02-27T19:45:53","date_gmt":"2025-02-27T16:45:53","guid":{"rendered":"https:\/\/www.bircloud.com\/cloud\/?page_id=2297"},"modified":"2025-02-27T20:11:00","modified_gmt":"2025-02-27T17:11:00","slug":"nesne-depolama","status":"publish","type":"page","link":"https:\/\/www.bircloud.com\/cloud\/index.php\/nesne-depolama\/","title":{"rendered":"Nesne Depolama"},"content":{"rendered":"\t\t<div data-elementor-type=\"wp-page\" data-elementor-id=\"2297\" class=\"elementor elementor-2297\">\n\t\t\t\t<div class=\"elementor-element elementor-element-70f28d45 e-con-full e-flex e-con e-parent\" data-id=\"70f28d45\" data-element_type=\"container\" data-settings=\"{&quot;background_background&quot;:&quot;classic&quot;,&quot;shape_divider_bottom&quot;:&quot;mountains&quot;}\">\n\t\t\t\t<div class=\"elementor-shape elementor-shape-bottom\" data-negative=\"false\">\n\t\t\t<svg xmlns=\"http:\/\/www.w3.org\/2000\/svg\" viewBox=\"0 0 1000 100\" preserveAspectRatio=\"none\">\n\t<path class=\"elementor-shape-fill\" opacity=\"0.33\" d=\"M473,67.3c-203.9,88.3-263.1-34-320.3,0C66,119.1,0,59.7,0,59.7V0h1000v59.7 c0,0-62.1,26.1-94.9,29.3c-32.8,3.3-62.8-12.3-75.8-22.1C806,49.6,745.3,8.7,694.9,4.7S492.4,59,473,67.3z\"\/>\n\t<path class=\"elementor-shape-fill\" opacity=\"0.66\" d=\"M734,67.3c-45.5,0-77.2-23.2-129.1-39.1c-28.6-8.7-150.3-10.1-254,39.1 s-91.7-34.4-149.2,0C115.7,118.3,0,39.8,0,39.8V0h1000v36.5c0,0-28.2-18.5-92.1-18.5C810.2,18.1,775.7,67.3,734,67.3z\"\/>\n\t<path class=\"elementor-shape-fill\" d=\"M766.1,28.9c-200-57.5-266,65.5-395.1,19.5C242,1.8,242,5.4,184.8,20.6C128,35.8,132.3,44.9,89.9,52.5C28.6,63.7,0,0,0,0 h1000c0,0-9.9,40.9-83.6,48.1S829.6,47,766.1,28.9z\"\/>\n<\/svg>\t\t<\/div>\n\t\t<div class=\"elementor-element elementor-element-213e8238 e-con-full e-flex e-con e-child\" data-id=\"213e8238\" data-element_type=\"container\">\n\t\t\t\t<div class=\"elementor-element elementor-element-153bcff5 elementor-widget elementor-widget-image\" data-id=\"153bcff5\" data-element_type=\"widget\" data-widget_type=\"image.default\">\n\t\t\t\t<div class=\"elementor-widget-container\">\n\t\t\t\t\t\t\t\t\t\t\t\t\t\t\t<img fetchpriority=\"high\" decoding=\"async\" width=\"960\" height=\"823\" src=\"https:\/\/www.bircloud.com\/cloud\/wp-content\/uploads\/2025\/02\/object-storage-hero.png\" class=\"attachment-large size-large wp-image-2300\" alt=\"\" srcset=\"https:\/\/www.bircloud.com\/cloud\/wp-content\/uploads\/2025\/02\/object-storage-hero.png 1000w, https:\/\/www.bircloud.com\/cloud\/wp-content\/uploads\/2025\/02\/object-storage-hero-500x429.png 500w, https:\/\/www.bircloud.com\/cloud\/wp-content\/uploads\/2025\/02\/object-storage-hero-768x658.png 768w\" sizes=\"(max-width: 960px) 100vw, 960px\" \/>\t\t\t\t\t\t\t\t\t\t\t\t\t\t\t<\/div>\n\t\t\t\t<\/div>\n\t\t\t\t<\/div>\n\t\t<div class=\"elementor-element elementor-element-470a8971 e-con-full e-flex e-con e-child\" data-id=\"470a8971\" data-element_type=\"container\">\n\t\t\t\t<div class=\"elementor-element elementor-element-c23cb11 elementor-widget elementor-widget-heading\" data-id=\"c23cb11\" data-element_type=\"widget\" data-widget_type=\"heading.default\">\n\t\t\t\t<div class=\"elementor-widget-container\">\n\t\t\t\t\t<h1 class=\"elementor-heading-title elementor-size-default\">S3-Uyumlu Nesne Depolama\n<\/h1>\t\t\t\t<\/div>\n\t\t\t\t<\/div>\n\t\t\t\t<div class=\"elementor-element elementor-element-1c73e29a elementor-widget elementor-widget-text-editor\" data-id=\"1c73e29a\" data-element_type=\"widget\" data-widget_type=\"text-editor.default\">\n\t\t\t\t<div class=\"elementor-widget-container\">\n\t\t\t\t\t\t\t\t\t<p data-start=\"35\" data-end=\"114\"><strong data-start=\"35\" data-end=\"112\">Y\u00fcksek \u00d6l\u00e7eklenebilirlik, G\u00fcvenilirlik ve Uygun Maliyetli Depolama \u00c7\u00f6z\u00fcm\u00fc<\/strong><\/p><p data-start=\"116\" data-end=\"287\">BirCloud\u2019un <strong data-start=\"128\" data-end=\"166\">S3 uyumlu nesne depolama altyap\u0131s\u0131<\/strong>, <strong data-start=\"168\" data-end=\"209\">veri saklama ve da\u011f\u0131t\u0131m s\u00fcre\u00e7lerinizi<\/strong> kolayla\u015ft\u0131rarak <strong data-start=\"226\" data-end=\"278\">y\u00fcksek eri\u015filebilirlik ve d\u00fc\u015f\u00fck maliyet avantaj\u0131<\/strong> sunar.<\/p><h3 data-start=\"289\" data-end=\"320\"><strong data-start=\"293\" data-end=\"318\">\u00d6ne \u00c7\u0131kan \u00d6zellikler:<\/strong><\/h3><p data-start=\"322\" data-end=\"763\">\u2714 <strong data-start=\"324\" data-end=\"352\">Y\u00fcksek \u00f6l\u00e7eklenebilirlik<\/strong> \u2013 Artan veri hacmine g\u00f6re kolayca geni\u015fleyebilir.<br data-start=\"402\" data-end=\"405\" \/>\u2714 <strong data-start=\"407\" data-end=\"435\">Uygun maliyetli depolama<\/strong> \u2013 Kulland\u0131k\u00e7a \u00f6de modeliyle optimize edilmi\u015f maliyetler.<br data-start=\"492\" data-end=\"495\" \/>\u2714 <strong data-start=\"497\" data-end=\"534\">Yerle\u015fik \u0130\u00e7erik Da\u011f\u0131t\u0131m A\u011f\u0131 (CDN)<\/strong> \u2013 K\u00fcresel eri\u015fim i\u00e7in h\u0131zl\u0131 ve g\u00fcvenilir veri da\u011f\u0131t\u0131m\u0131.<br data-start=\"590\" data-end=\"593\" \/>\u2714 <strong data-start=\"595\" data-end=\"616\">Tam S3 uyumlulu\u011fu<\/strong> \u2013 Amazon S3 protokol\u00fc ile entegrasyon kolayl\u0131\u011f\u0131.<br data-start=\"665\" data-end=\"668\" \/>\u2714 <strong data-start=\"670\" data-end=\"707\">Dayan\u0131kl\u0131 ve g\u00fcvenli veri saklama<\/strong> \u2013 Verilerinizi kay\u0131plara kar\u015f\u0131 koruyan g\u00fc\u00e7l\u00fc altyap\u0131.<\/p><p data-start=\"765\" data-end=\"865\" data-is-last-node=\"\" data-is-only-node=\"\"><strong data-start=\"765\" data-end=\"865\" data-is-last-node=\"\">S3 uyumlu nesne depolama ile b\u00fcy\u00fck verilerinizi kolayca y\u00f6netin ve i\u015f s\u00fcre\u00e7lerinizi h\u0131zland\u0131r\u0131n!<\/strong><\/p>\t\t\t\t\t\t\t\t<\/div>\n\t\t\t\t<\/div>\n\t\t\t\t<\/div>\n\t\t\t\t<\/div>\n\t\t<div class=\"elementor-element elementor-element-48444d36 e-flex e-con-boxed e-con e-parent\" data-id=\"48444d36\" data-element_type=\"container\" data-settings=\"{&quot;background_background&quot;:&quot;classic&quot;}\">\n\t\t\t\t\t<div class=\"e-con-inner\">\n\t\t\t\t<div class=\"elementor-element elementor-element-6965c578 elementor-widget elementor-widget-heading\" data-id=\"6965c578\" data-element_type=\"widget\" data-widget_type=\"heading.default\">\n\t\t\t\t<div class=\"elementor-widget-container\">\n\t\t\t\t\t<h4 class=\"elementor-heading-title elementor-size-default\">\u00d6l\u00e7eklenebilir, H\u0131zl\u0131 ve G\u00fcvenilir Nesne Depolama\n<\/h4>\t\t\t\t<\/div>\n\t\t\t\t<\/div>\n\t\t\t\t<div class=\"elementor-element elementor-element-352c7b68 elementor-drop-cap-yes elementor-drop-cap-view-default elementor-widget elementor-widget-text-editor\" data-id=\"352c7b68\" data-element_type=\"widget\" data-settings=\"{&quot;drop_cap&quot;:&quot;yes&quot;}\" data-widget_type=\"text-editor.default\">\n\t\t\t\t<div class=\"elementor-widget-container\">\n\t\t\t\t\t\t\t\t\t<p style=\"text-align: justify;\" data-start=\"68\" data-end=\"165\"><strong data-start=\"61\" data-end=\"95\">BirCloud Spaces Nesne Depolama<\/strong>, <strong data-start=\"97\" data-end=\"136\">yerel ve blok depolamay\u0131 tamamlayan<\/strong> y\u00fcksek performansl\u0131 ve esnek bir \u00e7\u00f6z\u00fcm sunar. <strong data-start=\"183\" data-end=\"240\">Veri saklama ve da\u011f\u0131t\u0131m s\u00fcre\u00e7lerinizi \u00f6l\u00e7eklendirerek<\/strong> i\u015f y\u00fcklerinizi optimize edin.<\/p>\t\t\t\t\t\t\t\t<\/div>\n\t\t\t\t<\/div>\n\t\t\t\t<div class=\"elementor-element elementor-element-29af357c elementor-mobile-align-center elementor-align-center elementor-widget elementor-widget-button\" data-id=\"29af357c\" data-element_type=\"widget\" data-widget_type=\"button.default\">\n\t\t\t\t<div class=\"elementor-widget-container\">\n\t\t\t\t\t\t\t\t\t<div class=\"elementor-button-wrapper\">\n\t\t\t\t\t<a class=\"elementor-button elementor-button-link elementor-size-sm\" href=\"#\">\n\t\t\t\t\t\t<span class=\"elementor-button-content-wrapper\">\n\t\t\t\t\t\t\t\t\t<span class=\"elementor-button-text\">\u0130leti\u015fim<\/span>\n\t\t\t\t\t<\/span>\n\t\t\t\t\t<\/a>\n\t\t\t\t<\/div>\n\t\t\t\t\t\t\t\t<\/div>\n\t\t\t\t<\/div>\n\t\t\t\t\t<\/div>\n\t\t\t\t<\/div>\n\t\t<div class=\"elementor-element elementor-element-476d542c e-grid e-con-boxed e-con e-parent\" data-id=\"476d542c\" data-element_type=\"container\">\n\t\t\t\t\t<div class=\"e-con-inner\">\n\t\t\t\t<div class=\"elementor-element elementor-element-2d49be3 elementor-widget elementor-widget-html\" data-id=\"2d49be3\" data-element_type=\"widget\" data-widget_type=\"html.default\">\n\t\t\t\t<div class=\"elementor-widget-container\">\n\t\t\t\t\t\r\n\r\n    <style>\r\n        \r\n        .container {\r\n            display: grid;\r\n            grid-template-columns: 1fr 1fr;\r\n            gap: 20px;\r\n            max-width: 1000px;\r\n            margin: auto;\r\n        }\r\n        .card {\r\n            background: white;\r\n            padding: 20px;\r\n            border-radius: 8px;\r\n            box-shadow: 0 4px 8px rgba(0, 0, 0, 0.1);\r\n        }\r\n        .card h3 {\r\n            color: #ff7f00;\r\n        }\r\n        .icon {\r\n            font-size: 20px;\r\n            margin-right: 10px;\r\n        }\r\n    <\/style>\r\n\r\n\r\n    <div class=\"container\">\r\n        <div class=\"card\">\r\n            <h3><span class=\"icon\">\u26a1<\/span>M\u00fckemmel Performans<\/h3>\r\n            <p>Yo\u011fun istek gerektiren uygulamalar i\u00e7in optimize edilen sistemimiz, IP ba\u015f\u0131na 1500 RPS\u2019ye kadar okuma ve yazma i\u015flemlerini destekleyerek y\u00fcksek h\u0131z ve verimlilik sa\u011flar.<\/p>\r\n        <\/div>\r\n        \r\n        <div class=\"card\">\r\n            <h3><span class=\"icon\">\ud83c\udf0d<\/span>Yerle\u015fik \u0130\u00e7erik Da\u011f\u0131t\u0131m A\u011f\u0131<\/h3>\r\n            <p>K\u00fcresel i\u00e7erik da\u011f\u0131t\u0131m a\u011f\u0131m\u0131z sayesinde, veriler co\u011frafi olarak da\u011f\u0131t\u0131lm\u0131\u015f sunucular \u00fczerinden \u00f6nbelle\u011fe al\u0131narak y\u00fckleme s\u00fcreleri azalt\u0131l\u0131r, performans artar ve bant geni\u015fli\u011fi maliyetleri d\u00fc\u015fer.<\/p>\r\n        <\/div>\r\n        \r\n        <div class=\"card\">\r\n            <h3><span class=\"icon\">\ud83d\udee0\ufe0f<\/span>Kullan\u0131m\u0131 Kolay<\/h3>\r\n            <p>S\u00fcr\u00fckle-b\u0131rak \u00f6zelli\u011fi ve API deste\u011fi ile i\u00e7eriklerinizi kolayca y\u00fckleyin ve y\u00f6netin. Kullan\u0131c\u0131 dostu aray\u00fcz\u00fcm\u00fcz sayesinde dosyalar\u0131n\u0131z\u0131 g\u00fcvenle payla\u015f\u0131n ve yap\u0131land\u0131rma i\u015flemlerini zahmetsizce ger\u00e7ekle\u015ftirin.<\/p>\r\n        <\/div>\r\n        \r\n        <div class=\"card\">\r\n            <h3><span class=\"icon\">\ud83d\udd12<\/span>G\u00fcvenlik<\/h3>\r\n            <p>T\u00fcm veri aktar\u0131mlar\u0131 HTTPS ile \u015fifrelenerek korunur. Dosyalar\u0131n\u0131z\u0131 herkese a\u00e7\u0131k veya \u00f6zel hale getirebilir, g\u00fcvenli SSL sertifikalar\u0131 ile ek koruma sa\u011flayabilirsiniz.<\/p>\r\n        <\/div>\r\n    <\/div>\r\n\r\n\r\n\t\t\t\t<\/div>\n\t\t\t\t<\/div>\n\t\t\t\t\t<\/div>\n\t\t\t\t<\/div>\n\t\t<div class=\"elementor-element elementor-element-0a85c83 e-flex e-con-boxed e-con e-parent\" data-id=\"0a85c83\" data-element_type=\"container\">\n\t\t\t\t\t<div class=\"e-con-inner\">\n\t\t\t\t<div class=\"elementor-element elementor-element-d782581 elementor-widget elementor-widget-spacer\" data-id=\"d782581\" data-element_type=\"widget\" data-widget_type=\"spacer.default\">\n\t\t\t\t<div class=\"elementor-widget-container\">\n\t\t\t\t\t\t\t<div class=\"elementor-spacer\">\n\t\t\t<div class=\"elementor-spacer-inner\"><\/div>\n\t\t<\/div>\n\t\t\t\t\t\t<\/div>\n\t\t\t\t<\/div>\n\t\t\t\t<div class=\"elementor-element elementor-element-e91be27 elementor-widget elementor-widget-html\" data-id=\"e91be27\" data-element_type=\"widget\" data-widget_type=\"html.default\">\n\t\t\t\t<div class=\"elementor-widget-container\">\n\t\t\t\t\t\r\n    <style>\r\n \r\n        .container {\r\n            display: grid;\r\n            grid-template-columns: repeat(auto-fit, minmax(300px, 1fr));\r\n            gap: 20px;\r\n            max-width: 1200px;\r\n            margin: auto;\r\n        }\r\n\r\n        .card {\r\n            background: white;\r\n            border-radius: 10px;\r\n            box-shadow: 0 4px 8px rgba(0, 0, 0, 0.1);\r\n            overflow: hidden;\r\n            transition: transform 0.3s ease-in-out;\r\n        }\r\n\r\n        .card:hover {\r\n            transform: translateY(-5px);\r\n        }\r\n\r\n        .card img {\r\n            width: 100%;\r\n            height: 200px;\r\n            object-fit: cover;\r\n        }\r\n\r\n        .card-content {\r\n            padding: 20px;\r\n        }\r\n\r\n        .card h3 {\r\n            color: #ff7f00;\r\n            font-size: 18px;\r\n            margin: 0 0 10px;\r\n        }\r\n\r\n        .card p {\r\n            font-size: 14px;\r\n            color: #555;\r\n            line-height: 1.5;\r\n        }\r\n\r\n        @media (max-width: 768px) {\r\n            .container {\r\n                grid-template-columns: 1fr;\r\n            }\r\n        }\r\n    <\/style>\r\n\r\n    <div class=\"container\">\r\n        <div class=\"card\">\r\n            <img decoding=\"async\" src=\"https:\/\/www.bircloud.com\/cloud\/wp-content\/uploads\/2025\/02\/object-storage-static-scaled.webp\" alt=\"Statik Veriler\">\r\n            <div class=\"card-content\">\r\n                <h3>Statik Varl\u0131klar\u0131 ve Yap\u0131land\u0131r\u0131lmam\u0131\u015f Verileri Depolama<\/h3>\r\n                <p>B\u00fcy\u00fck veri analiti\u011fi ve makine \u00f6\u011frenimi modellerinin e\u011fitimi i\u00e7in gereken statik i\u00e7erikleri g\u00fcvenle bar\u0131nd\u0131r\u0131n.<\/p>\r\n            <\/div>\r\n        <\/div>\r\n\r\n        <div class=\"card\">\r\n            <img decoding=\"async\" src=\"https:\/\/www.bircloud.com\/cloud\/wp-content\/uploads\/2025\/02\/object-storage-cdn.webp\" alt=\"Video Ak\u0131\u015f\u0131\">\r\n            <div class=\"card-content\">\r\n                <h3>Video Ak\u0131\u015f\u0131<\/h3>\r\n                <p>Nesne depolama ve CDN sayesinde medya i\u00e7eriklerini h\u0131zl\u0131 ve kesintisiz bir \u015fekilde da\u011f\u0131t\u0131n.<\/p>\r\n            <\/div>\r\n        <\/div>\r\n\r\n        <div class=\"card\">\r\n            <img decoding=\"async\" src=\"https:\/\/www.bircloud.com\/cloud\/wp-content\/uploads\/2025\/02\/object-storage-backup.webp\" alt=\"Dosya Payla\u015f\u0131m\u0131\">\r\n            <div class=\"card-content\">\r\n                <h3>Yaz\u0131l\u0131m Teslimi ve Dosya Payla\u015f\u0131m\u0131<\/h3>\r\n                <p>CDN entegrasyonu sayesinde yaz\u0131l\u0131m kitapl\u0131klar\u0131n\u0131 g\u00fcvenli ve h\u0131zl\u0131 bir \u015fekilde payla\u015f\u0131n.<\/p>\r\n            <\/div>\r\n        <\/div>\r\n\r\n        <div class=\"card\">\r\n            <img decoding=\"async\" src=\"https:\/\/www.bircloud.com\/cloud\/wp-content\/uploads\/2025\/02\/object-storage-cdn-transfer.webp\" alt=\"Yedekleme ve G\u00fcnl\u00fckler\">\r\n            <div class=\"card-content\">\r\n                <h3>Yedekleme Dosyalar\u0131n\u0131 ve G\u00fcnl\u00fckleri Saklama<\/h3>\r\n                <p>Otomatik \u00f6l\u00e7eklenen depolama kapasitesiyle b\u00fcy\u00fck boyutlu dosyalar\u0131n\u0131z\u0131 g\u00fcvenle saklay\u0131n.<\/p>\r\n            <\/div>\r\n        <\/div>\r\n    <\/div>\r\n\r\n\t\t\t\t<\/div>\n\t\t\t\t<\/div>\n\t\t\t\t\t<\/div>\n\t\t\t\t<\/div>\n\t\t\t\t<\/div>\n\t\t","protected":false},"excerpt":{"rendered":"<p>S3-Uyumlu Nesne Depolama Y\u00fcksek \u00d6l\u00e7eklenebilirlik, G\u00fcvenilirlik ve Uygun Maliyetli Depolama \u00c7\u00f6z\u00fcm\u00fc BirCloud\u2019un S3 uyumlu nesne depolama altyap\u0131s\u0131, veri saklama ve da\u011f\u0131t\u0131m s\u00fcre\u00e7lerinizi kolayla\u015ft\u0131rarak y\u00fcksek eri\u015filebilirlik ve d\u00fc\u015f\u00fck maliyet avantaj\u0131 sunar. \u00d6ne \u00c7\u0131kan \u00d6zellikler: \u2714 Y\u00fcksek \u00f6l\u00e7eklenebilirlik \u2013 Artan veri hacmine g\u00f6re kolayca geni\u015fleyebilir.\u2714 Uygun maliyetli depolama \u2013 Kulland\u0131k\u00e7a \u00f6de modeliyle optimize edilmi\u015f maliyetler.\u2714 Yerle\u015fik \u0130\u00e7erik Da\u011f\u0131t\u0131m A\u011f\u0131 (CDN) \u2013 K\u00fcresel eri\u015fim i\u00e7in h\u0131zl\u0131 ve g\u00fcvenilir veri da\u011f\u0131t\u0131m\u0131.\u2714 Tam S3 uyumlulu\u011fu \u2013 Amazon S3 protokol\u00fc ile entegrasyon kolayl\u0131\u011f\u0131.\u2714 Dayan\u0131kl\u0131 ve g\u00fcvenli veri saklama \u2013 Verilerinizi kay\u0131plara kar\u015f\u0131 koruyan g\u00fc\u00e7l\u00fc altyap\u0131. S3 uyumlu nesne depolama ile b\u00fcy\u00fck verilerinizi kolayca y\u00f6netin ve i\u015f s\u00fcre\u00e7lerinizi h\u0131zland\u0131r\u0131n! \u00d6l\u00e7eklenebilir, H\u0131zl\u0131 ve G\u00fcvenilir Nesne Depolama BirCloud Spaces Nesne Depolama, yerel ve blok depolamay\u0131 tamamlayan y\u00fcksek performansl\u0131 ve esnek bir \u00e7\u00f6z\u00fcm sunar. Veri saklama ve da\u011f\u0131t\u0131m s\u00fcre\u00e7lerinizi \u00f6l\u00e7eklendirerek i\u015f y\u00fcklerinizi optimize edin. \u0130leti\u015fim \u26a1M\u00fckemmel Performans Yo\u011fun istek gerektiren uygulamalar i\u00e7in optimize edilen sistemimiz, IP ba\u015f\u0131na 1500 RPS\u2019ye kadar okuma ve yazma i\u015flemlerini destekleyerek y\u00fcksek h\u0131z ve verimlilik sa\u011flar. \ud83c\udf0dYerle\u015fik \u0130\u00e7erik Da\u011f\u0131t\u0131m A\u011f\u0131 K\u00fcresel i\u00e7erik da\u011f\u0131t\u0131m a\u011f\u0131m\u0131z sayesinde, veriler co\u011frafi olarak da\u011f\u0131t\u0131lm\u0131\u015f sunucular \u00fczerinden \u00f6nbelle\u011fe al\u0131narak y\u00fckleme s\u00fcreleri azalt\u0131l\u0131r, performans artar ve bant geni\u015fli\u011fi maliyetleri d\u00fc\u015fer. \ud83d\udee0\ufe0fKullan\u0131m\u0131 Kolay S\u00fcr\u00fckle-b\u0131rak \u00f6zelli\u011fi ve API deste\u011fi ile i\u00e7eriklerinizi kolayca y\u00fckleyin ve y\u00f6netin. Kullan\u0131c\u0131 dostu aray\u00fcz\u00fcm\u00fcz sayesinde dosyalar\u0131n\u0131z\u0131 g\u00fcvenle payla\u015f\u0131n ve yap\u0131land\u0131rma i\u015flemlerini zahmetsizce ger\u00e7ekle\u015ftirin. \ud83d\udd12G\u00fcvenlik T\u00fcm veri aktar\u0131mlar\u0131 HTTPS ile \u015fifrelenerek korunur. Dosyalar\u0131n\u0131z\u0131 herkese a\u00e7\u0131k veya \u00f6zel hale getirebilir, g\u00fcvenli SSL sertifikalar\u0131 ile ek koruma sa\u011flayabilirsiniz. Nesne Depolamayla Daha Fazlas\u0131n\u0131 Yap\u0131n Statik Varl\u0131klar\u0131 ve Yap\u0131land\u0131r\u0131lmam\u0131\u015f Verileri Depolama B\u00fcy\u00fck veri analiti\u011fi ve makine \u00f6\u011frenimi modellerinin e\u011fitimi i\u00e7in gereken statik i\u00e7erikleri g\u00fcvenle bar\u0131nd\u0131r\u0131n. Video Ak\u0131\u015f\u0131 Nesne depolama ve CDN sayesinde medya i\u00e7eriklerini h\u0131zl\u0131 ve kesintisiz bir \u015fekilde da\u011f\u0131t\u0131n. Yaz\u0131l\u0131m Teslimi ve Dosya Payla\u015f\u0131m\u0131 CDN entegrasyonu sayesinde yaz\u0131l\u0131m kitapl\u0131klar\u0131n\u0131 g\u00fcvenli ve h\u0131zl\u0131 bir \u015fekilde payla\u015f\u0131n. Yedekleme Dosyalar\u0131n\u0131 ve G\u00fcnl\u00fckleri Saklama Otomatik \u00f6l\u00e7eklenen depolama kapasitesiyle b\u00fcy\u00fck boyutlu dosyalar\u0131n\u0131z\u0131 g\u00fcvenle saklay\u0131n.<\/p>\n","protected":false},"author":1,"featured_media":0,"parent":0,"menu_order":0,"comment_status":"closed","ping_status":"closed","template":"elementor_header_footer","meta":{"footnotes":""},"class_list":["post-2297","page","type-page","status-publish","hentry"],"_links":{"self":[{"href":"https:\/\/www.bircloud.com\/cloud\/index.php\/wp-json\/wp\/v2\/pages\/2297","targetHints":{"allow":["GET"]}}],"collection":[{"href":"https:\/\/www.bircloud.com\/cloud\/index.php\/wp-json\/wp\/v2\/pages"}],"about":[{"href":"https:\/\/www.bircloud.com\/cloud\/index.php\/wp-json\/wp\/v2\/types\/page"}],"author":[{"embeddable":true,"href":"https:\/\/www.bircloud.com\/cloud\/index.php\/wp-json\/wp\/v2\/users\/1"}],"replies":[{"embeddable":true,"href":"https:\/\/www.bircloud.com\/cloud\/index.php\/wp-json\/wp\/v2\/comments?post=2297"}],"version-history":[{"count":10,"href":"https:\/\/www.bircloud.com\/cloud\/index.php\/wp-json\/wp\/v2\/pages\/2297\/revisions"}],"predecessor-version":[{"id":2313,"href":"https:\/\/www.bircloud.com\/cloud\/index.php\/wp-json\/wp\/v2\/pages\/2297\/revisions\/2313"}],"wp:attachment":[{"href":"https:\/\/www.bircloud.com\/cloud\/index.php\/wp-json\/wp\/v2\/media?parent=2297"}],"curies":[{"name":"wp","href":"https:\/\/api.w.org\/{rel}","templated":true}]}}