{"id":2040,"date":"2025-03-18T13:16:12","date_gmt":"2025-03-18T10:16:12","guid":{"rendered":"https:\/\/www.bircloud.com\/tech\/?page_id=2040"},"modified":"2025-03-18T14:34:26","modified_gmt":"2025-03-18T11:34:26","slug":"profesyonel-hizmetler","status":"publish","type":"page","link":"https:\/\/www.bircloud.com\/tech\/?page_id=2040","title":{"rendered":"Profesyonel Hizmetler"},"content":{"rendered":"\t\t<div data-elementor-type=\"wp-page\" data-elementor-id=\"2040\" class=\"elementor elementor-2040\">\n\t\t\t\t<div class=\"elementor-element elementor-element-066d89c e-flex e-con-boxed xts-section-disabled e-con e-parent\" data-id=\"066d89c\" data-element_type=\"container\">\n\t\t\t\t\t<div class=\"e-con-inner\">\n\t\t\t\t<div class=\"elementor-element elementor-element-6fb9972 elementor-widget elementor-widget-html\" data-id=\"6fb9972\" data-element_type=\"widget\" data-widget_type=\"html.default\">\n\t\t\t\t<div class=\"elementor-widget-container\">\n\t\t\t\t\t<!DOCTYPE html>\r\n<html lang=\"tr\">\r\n<head>\r\n    <meta charset=\"UTF-8\">\r\n    <meta name=\"viewport\" content=\"width=device-width, initial-scale=1.0\">\r\n    <title>BirCloud - Sistem ve Ta\u015f\u0131ma Hizmetleri<\/title>\r\n    <link rel=\"stylesheet\" href=\"https:\/\/cdnjs.cloudflare.com\/ajax\/libs\/font-awesome\/6.0.0-beta3\/css\/all.min.css\">\r\n    <style>\r\n        * {\r\n            margin: 0;\r\n            padding: 0;\r\n            box-sizing: border-box;\r\n            font-family: 'Arial', sans-serif;\r\n        }\r\n\r\n\r\n        \/* Header *\/\r\n        .header {\r\n            text-align: center;\r\n            margin-bottom: 3rem;\r\n        }\r\n\r\n        .header h1 {\r\n            font-size: 2.5rem;\r\n            color: #ff6200;\r\n            margin-bottom: 0.5rem;\r\n        }\r\n\r\n        .header p {\r\n            font-size: 1.2rem;\r\n            color: #666;\r\n        }\r\n\r\n        \/* Service Container *\/\r\n        .service-container {\r\n            max-width: 1200px;\r\n            margin: 0 auto;\r\n            display: grid;\r\n            grid-template-columns: repeat(auto-fit, minmax(300px, 1fr));\r\n            gap: 2rem;\r\n        }\r\n\r\n        \/* Service Card *\/\r\n        .service-card {\r\n            background: white;\r\n            border-radius: 15px;\r\n            box-shadow: 0 4px 8px rgba(0, 0, 0, 0.1);\r\n            padding: 2rem;\r\n            transition: transform 0.3s ease, box-shadow 0.3s ease;\r\n        }\r\n\r\n        .service-card:hover {\r\n            transform: translateY(-8px);\r\n            box-shadow: 0 10px 20px rgba(0, 0, 0, 0.15);\r\n        }\r\n\r\n        .service-card h2 {\r\n            color: #ff6200;\r\n            font-size: 1.8rem;\r\n            margin-bottom: 1rem;\r\n            display: flex;\r\n            align-items: center;\r\n        }\r\n\r\n        .service-card h2 i {\r\n            margin-right: 0.5rem;\r\n            color: #ff6200;\r\n            transition: transform 0.3s ease;\r\n        }\r\n\r\n        .service-card:hover h2 i {\r\n            transform: rotate(15deg);\r\n        }\r\n\r\n        .service-card p {\r\n            font-size: 1.1rem;\r\n            margin-bottom: 1rem;\r\n        }\r\n\r\n        .service-card ul {\r\n            list-style: none;\r\n            padding-left: 1rem;\r\n        }\r\n\r\n        .service-card ul li {\r\n            margin-bottom: 0.5rem;\r\n            position: relative;\r\n        }\r\n\r\n        .service-card ul li:before {\r\n            content: \"\u2022\";\r\n            color: #ff6200;\r\n            font-weight: bold;\r\n            position: absolute;\r\n            left: -1rem;\r\n        }\r\n\r\n        \/* Footer *\/\r\n        .footer {\r\n            text-align: center;\r\n            margin-top: 3rem;\r\n            padding: 1rem;\r\n            background-color: #ff6200;\r\n            color: white;\r\n            border-radius: 10px;\r\n        }\r\n\r\n        \/* Responsive Design *\/\r\n        @media (max-width: 768px) {\r\n            .header h1 {\r\n                font-size: 1.8rem;\r\n            }\r\n\r\n            .header p {\r\n                font-size: 1rem;\r\n            }\r\n\r\n            .service-card h2 {\r\n                font-size: 1.5rem;\r\n            }\r\n\r\n            .service-card p {\r\n                font-size: 1rem;\r\n            }\r\n        }\r\n    <\/style>\r\n<\/head>\r\n<body>\r\n    <div class=\"header\">\r\n        <h1>BirCloud Sistem ve Ta\u015f\u0131ma Hizmetleri<\/h1>\r\n        <p>BT altyap\u0131n\u0131z\u0131 optimize edin, maliyetlerinizi d\u00fc\u015f\u00fcr\u00fcn ve gelece\u011fe haz\u0131r olun!<\/p>\r\n    <\/div>\r\n\r\n    <div class=\"service-container\">\r\n        <!-- Sistem Y\u00f6netim \/ \u0130\u015fletim Hizmetleri -->\r\n        <div class=\"service-card\">\r\n            <h2><i class=\"fas fa-cogs\"><\/i>Sistem Y\u00f6netim \/ \u0130\u015fletim Hizmetleri<\/h2>\r\n            <p>BT sistem y\u00f6netimi ve i\u015fletimi konusunda uzman deste\u011fiyle verimlili\u011finizi art\u0131r\u0131n ve maliyetlerinizi optimize edin. S\u00fcrekli bir uzman personel istihdam etmek istemeyen veya kaynaklar\u0131n\u0131 operasyonel i\u015flerden ziyade Ar-Ge gibi katma de\u011ferli alanlara y\u00f6nlendirmek isteyen i\u015fletmeler i\u00e7in BirCloud ideal bir \u00e7\u00f6z\u00fcm sunar.<\/p>\r\n            <p>BirCloud\u2019un sundu\u011fu hizmetler \u015funlard\u0131r:<\/p>\r\n            <ul>\r\n                <li>Kullan\u0131c\u0131 y\u00f6netimi<\/li>\r\n                <li>Performans ve kapasite y\u00f6netimi<\/li>\r\n                <li>Yama ve g\u00fcncelleme y\u00f6netimi<\/li>\r\n                <li>Yedekleme ve konfig\u00fcrasyon deste\u011fi<\/li>\r\n                <li>Problem ve de\u011fi\u015fiklik y\u00f6netimi<\/li>\r\n            <\/ul>\r\n            <p>Bu hizmetler, end\u00fcstri standartlar\u0131na ve g\u00fcvenlik politikalar\u0131na uygun \u015fekilde sunulur. Ayr\u0131ca, yedekli uzman kadro planlamas\u0131yla personel ba\u011f\u0131ml\u0131l\u0131\u011f\u0131 riski ortadan kald\u0131r\u0131larak kesinti riskleri en aza indirilir.<\/p>\r\n        <\/div>\r\n\r\n        <!-- Kurulum, Yer De\u011fi\u015fikli\u011fi, Ekleme, De\u011fi\u015fiklik (IMAC) Hizmetleri -->\r\n        <div class=\"service-card\">\r\n            <h2><i class=\"fas fa-tools\"><\/i>Kurulum, Yer De\u011fi\u015fikli\u011fi, Ekleme, De\u011fi\u015fiklik (IMAC) Hizmetleri<\/h2>\r\n            <p>Mevcut veya yeni temin edilen donan\u0131m ve yaz\u0131l\u0131mlar i\u00e7in t\u00fcm kurulum ve yap\u0131land\u0131rma ihtiya\u00e7lar\u0131n\u0131z\u0131 BirCloud g\u00fcvencesiyle kar\u015f\u0131lay\u0131n!<\/p>\r\n            <p>Hizmetlerimiz \u015funlar\u0131 kapsar:<\/p>\r\n            <ul>\r\n                <li>Donan\u0131m ve yaz\u0131l\u0131m\u0131n kurulumu ile konfig\u00fcrasyonu<\/li>\r\n                <li>Ayn\u0131 veri merkezi i\u00e7inde veya farkl\u0131 lokasyonlara ta\u015f\u0131ma<\/li>\r\n                <li>Donan\u0131m\/yaz\u0131l\u0131m ekleme ve yap\u0131land\u0131rma de\u011fi\u015fiklikleri<\/li>\r\n            <\/ul>\r\n            <p>T\u00fcm i\u015flemler, \u00fcretici standart prosed\u00fcrlerine uygun olarak ger\u00e7ekle\u015ftirilerek g\u00fcvenilirlik ve kalite garanti edilir.<\/p>\r\n        <\/div>\r\n\r\n        <!-- Veri Merkezi Ta\u015f\u0131ma Hizmetleri -->\r\n        <div class=\"service-card\">\r\n            <h2><i class=\"fas fa-truck-moving\"><\/i>Veri Merkezi Ta\u015f\u0131ma Hizmetleri<\/h2>\r\n            <p>Lokasyon de\u011fi\u015fimi veya kapasite art\u0131\u015f\u0131 gibi nedenlerle veri merkezi ta\u015f\u0131ma s\u00fcre\u00e7lerinizi planlama, risk y\u00f6netimi ve lojistik destekle sorunsuz hale getirin. BirCloud, karma\u015f\u0131k ta\u015f\u0131ma operasyonlar\u0131nda olu\u015fabilecek kesintileri ve veri kay\u0131plar\u0131n\u0131 \u00f6nler.<\/p>\r\n            <p>Hizmetlerimiz \u015funlar\u0131 i\u00e7erir:<\/p>\r\n            <ul>\r\n                <li>Teknik prosed\u00fcrlerin haz\u0131rlanmas\u0131<\/li>\r\n                <li>Risk ve etki analizlerinin yap\u0131lmas\u0131<\/li>\r\n                <li>Olas\u0131 problemlere kar\u015f\u0131 \u00f6nlemlerin geli\u015ftirilmesi<\/li>\r\n            <\/ul>\r\n            <p>Sigortalama ve ge\u00e7ici yedekleme \u00e7\u00f6z\u00fcmleriyle kesintisiz bir ge\u00e7i\u015f sunar\u0131z.<\/p>\r\n        <\/div>\r\n\r\n        <!-- Veri Ta\u015f\u0131ma ve Sistem Ge\u00e7i\u015f Hizmetleri -->\r\n        <div class=\"service-card\">\r\n            <h2><i class=\"fas fa-exchange-alt\"><\/i>Veri Ta\u015f\u0131ma ve Sistem Ge\u00e7i\u015f Hizmetleri<\/h2>\r\n            <p>Farkl\u0131 donan\u0131m ve yaz\u0131l\u0131m platformlar\u0131 aras\u0131nda g\u00fcvenli ve verimli ge\u00e7i\u015fler sa\u011flay\u0131n. Sanalla\u015ft\u0131rma teknolojileriyle sunucu ve depolama sistemleri de\u011fi\u015fimi kolayla\u015fsa da, karma\u015f\u0131k ge\u00e7i\u015fler i\u00e7in uzmanl\u0131k gereklidir.<\/p>\r\n            <p>BirCloud, geni\u015f \u00fcr\u00fcn ve teknoloji portf\u00f6y\u00fcyle:<\/p>\r\n            <ul>\r\n                <li>Farkl\u0131 platformlar aras\u0131nda ge\u00e7i\u015f s\u00fcre\u00e7lerini y\u00f6netir<\/li>\r\n                <li>Deneyimli ekiplerle sorunsuz bir ge\u00e7i\u015f sa\u011flar<\/li>\r\n            <\/ul>\r\n            <p>BT altyap\u0131n\u0131z\u0131 gelece\u011fe haz\u0131r hale getirmek i\u00e7in BirCloud\u2019a g\u00fcvenin!<\/p>\r\n        <\/div>\r\n    <\/div>\r\n\r\n    <div class=\"footer\">\r\n        <p>BirCloud ile BT altyap\u0131n\u0131z\u0131 g\u00fcvenle ta\u015f\u0131y\u0131n ve gelece\u011fe haz\u0131r hale getirin!<\/p>\r\n    <\/div>\r\n<\/body>\r\n<\/html>\t\t\t\t<\/div>\n\t\t\t\t<\/div>\n\t\t\t\t\t<\/div>\n\t\t\t\t<\/div>\n\t\t\t\t<\/div>\n\t\t","protected":false},"excerpt":{"rendered":"<p>BirCloud &#8211; Sistem ve Ta\u015f\u0131ma Hizmetleri BirCloud Sistem ve Ta\u015f\u0131ma Hizmetleri BT altyap\u0131n\u0131z\u0131 optimize edin, maliyetlerinizi d\u00fc\u015f\u00fcr\u00fcn ve gelece\u011fe haz\u0131r olun! Sistem Y\u00f6netim \/ \u0130\u015fletim Hizmetleri BT sistem y\u00f6netimi ve i\u015fletimi konusunda uzman deste\u011fiyle verimlili\u011finizi art\u0131r\u0131n ve maliyetlerinizi optimize edin. S\u00fcrekli bir uzman personel istihdam etmek istemeyen veya kaynaklar\u0131n\u0131 operasyonel i\u015flerden ziyade Ar-Ge gibi katma [&hellip;]<\/p>\n","protected":false},"author":1,"featured_media":0,"parent":0,"menu_order":0,"comment_status":"closed","ping_status":"closed","template":"elementor_header_footer","meta":{"footnotes":""},"class_list":["post-2040","page","type-page","status-publish","hentry"],"_links":{"self":[{"href":"https:\/\/www.bircloud.com\/tech\/index.php?rest_route=\/wp\/v2\/pages\/2040","targetHints":{"allow":["GET"]}}],"collection":[{"href":"https:\/\/www.bircloud.com\/tech\/index.php?rest_route=\/wp\/v2\/pages"}],"about":[{"href":"https:\/\/www.bircloud.com\/tech\/index.php?rest_route=\/wp\/v2\/types\/page"}],"author":[{"embeddable":true,"href":"https:\/\/www.bircloud.com\/tech\/index.php?rest_route=\/wp\/v2\/users\/1"}],"replies":[{"embeddable":true,"href":"https:\/\/www.bircloud.com\/tech\/index.php?rest_route=%2Fwp%2Fv2%2Fcomments&post=2040"}],"version-history":[{"count":10,"href":"https:\/\/www.bircloud.com\/tech\/index.php?rest_route=\/wp\/v2\/pages\/2040\/revisions"}],"predecessor-version":[{"id":2085,"href":"https:\/\/www.bircloud.com\/tech\/index.php?rest_route=\/wp\/v2\/pages\/2040\/revisions\/2085"}],"wp:attachment":[{"href":"https:\/\/www.bircloud.com\/tech\/index.php?rest_route=%2Fwp%2Fv2%2Fmedia&parent=2040"}],"curies":[{"name":"wp","href":"https:\/\/api.w.org\/{rel}","templated":true}]}}